 when 1 + -1 + 122 + 3 is divided by w?
37
Suppose -2*i - 5*o = -71, -3*o = -4*i + 73 + 56. Suppose 4*g - 380 = -0*g. Suppose 3*r - g = -2*r. What is the remainder when i is divided by r?
14
Let w = 365 + -359. Let n = w + 10. Calculate the remainder when 11/(-3)*(-2 + -19) is divided by n.
13
Suppose 5*u + 2*h - 6 = 2*u, 5*u + 15 = 5*h. Suppose u*x + 395 = 5*x. What is the remainder when x is divided by 16?
15
Let m(w) = 5*w + 35. Suppose 2*h + 28 = 16. Let o be m(h). Suppose -8 + 1 = -o*z + y, -5*z + 3*y = -1. Calculate the remainder when z is divided by 1.
0
Let n be (36/(-48))/(1/4). Calculate the remainder when (174 - n)/((-18)/(-24)) is divided by 62.
50
Suppose 233*h - 264*h + 10633 = 0. Calculate the remainder when 1039 is divided by h.
10
What is the remainder when (2/10)/(210/590100) is divided by 71?
65
Let x = -42 + 66. Suppose -5*h = -9*h + x. Let b(o) = -o**3 - 9*o**2 - o + 11. Calculate the remainder when b(-9) is divided by h.
2
Let j(m) = -12*m**2 + 356*m - 30. Calculate the remainder when j(26) is divided by 159.
1
Suppose -4*s + 6*a + 10194 = 0, 5 = 7*a - 12*a. Calculate the remainder when s is divided by 102.
99
Suppose -7*q + 100 = -3*q. Let u be 1200/525 - (-4)/(-14). Suppose -2*t = -5*d - 7*t + 90, 8 = u*t. Calculate the remainder when q is divided by d.
11
Suppose -3 = -4*g + 5. Suppose g*j - 315 = -2*l - l, 0 = 3*j. What is the remainder when l is divided by 25?
5
Suppose -3*g - 658 = 4*l - 2563, -3*g + 4*l = -1929. What is the remainder when g is divided by 9?
0
Suppose 117*h - 115*h = 148. Suppose -202 + h = -4*y. What is the remainder when 126 is divided by y?
30
Suppose 9*f - 28 = 2*f. Suppose -3*c + f*c + 3 = 0. Let q(m) = 7*m**2 + 4*m - 1. Calculate the remainder when 197 is divided by q(c).
47
Let p = 19 + -9. Suppose -6*b = -v + 35, 3*b - v + 9 = -8. What is the remainder when (-4210)/(-60) + 8 - (-1)/b is divided by p?
8
Suppose 0 = 6*q + 2*q. Suppose -23*y + 1397 + 29 = q. Calculate the remainder when 307 is divided by y.
59
Suppose -19*z + 15*z - 792 = 0. Let a = 210 + z. What is the remainder when 167 is divided by a?
11
Let j(y) = -3*y**3 - 5*y**2 + 11*y + 40. Calculate the remainder when j(-5) is divided by (782/92)/(1/2).
14
Suppose -2*f = l - 263, -599 = -4*f - 5*l - 88. Suppose -3*u = 5*v - 439, f = u + 2*v - 14. Let z = -103 + u. What is the remainder when 103 is divided by z?
33
Let d be (-15508)/(-38) + 80/(-38) + 2. Suppose 6*f - d = 246. What is the remainder when f is divided by 14?
11
Suppose 13*u - 6 = 11*u. Suppose 0 = -0*c - u*c. Calculate the remainder when 50 - (-1 - (2 - c)) is divided by 14.
11
Let d be ((-1)/(-4))/((-13)/(-104)). Suppose 4*r - 72 = d*k, 0*r + 4*k + 72 = 4*r. Calculate the remainder when r is divided by 16.
2
Suppose 4*b - 3*d = 190, d - 48 = -b + 2*d. Let f(k) = 182*k**2 - 37*k - 37. What is the remainder when f(-1) is divided by b?
44
Let t(w) = -w**2 + 14*w - 24. Let g be t(7). Suppose 0*o - 2*o - 4*a = -14, g = 3*o + 5*a. Calculate the remainder when 179 is divided by o.
14
Let a = 264 + -587. Let k = a + 370. What is the remainder when 159 is divided by k?
18
Suppose 5*h - 3*c - 1846 = 2708, -5*h = -c - 4548. What is the remainder when h is divided by 52?
25
Let j = 5436 - 5276. Calculate the remainder when j is divided by 69.
22
Suppose 39*s + 162 = 42*s + 3*y, 2*s - 98 = -y. Suppose 663 = 5*j - 532. Calculate the remainder when j is divided by s.
19
Suppose u - 82*y = -78*y + 405, 0 = -u - 4*y + 445. Calculate the remainder when u is divided by 90.
65
Suppose -14*g + 11*g + 40*g - 370 = 0. Calculate the remainder when 65 is divided by g.
5
Suppose 16*h - 6*h = 380. Suppose 28 + h = 3*s. Calculate the remainder when 174 is divided by s.
20
Calculate the remainder when 138 is divided by (-6)/(-7) + (2640/105 - -1).
3
Suppose -g - g = -42. Let o(h) = -2*h**3 - 22*h**2 + 113*h - 26. What is the remainder when o(-15) is divided by g?
16
Let d(s) = s**2 + 39*s + 242. Suppose 3 = l - 15. What is the remainder when d(-32) is divided by l?
0
Calculate the remainder when (-1318)/3*(2 - (-7)/(-2)) is divided by -4 - 8*1*-8*4/16.
11
Suppose 0 = 93*q + 93*q - 178*q - 208. Calculate the remainder when 3064 is divided by q.
22
Let w = -776 + 770. Calculate the remainder when 52/(1*-2)*-2 is divided by -1 - 130/w - 65/39.
14
Let p(v) = v**3 + 46*v**2 + 129*v + 89. Let l = -125 - -82. Calculate the remainder when p(l) is divided by 18.
17
Let o be (2/10 + -2)/((-3)/10). Suppose o*l - 17*l = -2112. Calculate the remainder when l is divided by 13.
10
Let u(n) = 5*n**2 + 7*n - 130. What is the remainder when 433 is divided by u(5)?
13
Let r(y) = 54*y**2 - 33*y - 15. What is the remainder when r(3) is divided by 18?
12
Calculate the remainder when 448 is divided by ((-4009)/(-57))/(1/3) - -4.
18
Let r be -4 + (-147)/(-35) + 4263/(-15). Let s = 287 + r. What is the remainder when 1*(-2)/2 - -14 is divided by s?
1
Let x = -7248 - -7401. Let i = -44 + 83. What is the remainder when x is divided by i?
36
Suppose -5*s + 3979 = 779. What is the remainder when s is divided by 28?
24
Let j(p) = 8*p + 354. Suppose -h = 3 + 27. What is the remainder when ((-45)/2)/(5/h) is divided by j(-40)?
33
Let d(j) be the first derivative of 5*j**2 + 91*j + 33. Let f = 34 - -26. Calculate the remainder when f is divided by d(-7).
18
Let g(o) = -o**2 + 2*o + 4. Let y be g(3). Let f = -154393 - -154405. Calculate the remainder when ((-5)/y)/((-2)/28) is divided by f.
10
Let c = 56864 + -55220. Suppose -2*i = -b + 27, 2*b - 3*b = -3*i - 27. What is the remainder when c is divided by b?
24
Let q = 89 - 3. Suppose 0 = 2*m + 5*n - 97, 4*m - 5*n = 93 + q. What is the remainder when 4 + (-2 - 1) + 135 is divided by m?
44
Let y = -601 + 600. Suppose 2 = -r, -6*m - 5*r + 6 = -4*m. What is the remainder when (-104)/(-8) - (y + 1) is divided by m?
5
Let v(f) = 39*f - 43. Let n be v(2). Suppose -l = -n - 101. What is the remainder when l is divided by 28?
24
Let p = 411 - 204. Suppose 4*s - p = -3*u, -7*s = -5*s. Suppose 0 = -t - 2*r + 28, 78 = 2*t + t + 3*r. What is the remainder when u is divided by t?
21
Let f(g) = 6*g**3 + 2*g**2 - 2*g + 3. Let v be f(3). Let y = v - 115. Calculate the remainder when y is divided by 13.
10
Let m(w) = w**3 - 19*w**2 + 54*w + 112. Calculate the remainder when 0 + -3 - (7 + -273) is divided by m(15).
21
Suppose 101*o - 45*o = -111*o + 4676. What is the remainder when 922 is divided by o?
26
Suppose 20*a = 5116 + 5644. Suppose 13*q - 11*q - a = 0. What is the remainder when q is divided by 69?
62
Let q be ((-1)/((-1)/34))/(88 - 86). Suppose -16*g = -2*n - 18*g + 40, -n = -2*g - q. Calculate the remainder when n is divided by 3.
1
Let c be (-8)/6*(3 - (-3)/2). Let j(k) = -25*k - 146. Suppose 5*d + 12 = d, -y + d + 7 = 0. What is the remainder when j(c) is divided by y?
0
Let b(k) be the third derivative of -k**6/60 + 11*k**5/60 - k**3/2 + 5*k**2 - 6*k. Let o = 198 + -112. Calculate the remainder when o is divided by b(5).
20
Let f be (1/4)/(4/224*2). Suppose -6*i + f*i = 65. Let n = -49 + i. What is the remainder when 110 is divided by n?
14
Let y(j) = j**3 - 7*j**2 - 4*j - 28. Let h be y(8). Suppose -t + 5*u = -3 + 21, 4*t + h*u = 0. Calculate the remainder when 0 + t/(6/(-44)) is divided by 9.
4
Suppose -10228 = -5*d + 161*b - 160*b, -6*d - b + 12278 = 0. What is the remainder when d is divided by 120?
6
Let s = -1559 - -1568. What is the remainder when 445 is divided by s?
4
Let y(n) = 100*n**3 + n**2 + 4*n - 6. What is the remainder when 105 is divided by y(1)?
6
Suppose 20 = -47*a + 49*a. Suppose 18*t - 494 = a. Suppose -3*j = -67 - 92. Calculate the remainder when j is divided by t.
25
Suppose -98*s + 169914 = 83*s - 11086. Calculate the remainder when s is divided by 251.
247
Suppose -144 = -0*p - 2*p. Let a = p + -11. Suppose -7*j = -5*x - 11*j + 20, -x = -2*j - 18. Calculate the remainder when a is divided by x.
5
Suppose 11*u - 27 = -5. Let k(r) = 3*r**2 + 4*r - 4. Let m be k(u). Suppose -31*g + 29*g + m = 0. Calculate the remainder when 23 is divided by g.
7
Suppose 4*g + 76 = x, 10*g + 212 = 3*x + 6*g. Let j = 105 - x. Calculate the remainder when 68 is divided by j.
31
Let d(h) = -h + 11. Let p be d(8). Suppose 6 = -p*m + 6*m. Suppose -m*z - 176 + 56 = -2*r, 182 = 3*r -